st common divisor of o and x?
9
Let v = 420 - 411. Let j be 0 + 3055/(45/v). Calculate the highest common factor of j and 13.
13
Suppose -13 + 556 = 3*j + 5*m, -j = 2*m - 181. Let n be j/6 + (-91)/42 + 2. What is the highest common divisor of 20 and n?
10
Let s = 30547 - 28377. Calculate the greatest common divisor of s and 1705.
155
Let h(f) be the first derivative of 23*f**3/3 - 2*f**2 - 4*f + 5. Let s be h(-2). Let a be (4/(-10))/((-3)/90). What is the greatest common factor of s and a?
12
Let o be 70/(-560) - (2 - 843/24). Calculate the greatest common factor of o and 99.
33
Suppose 620 - 708 = -2*a. Calculate the greatest common divisor of 594 and a.
22
Suppose -11*k - 3*m - 41 = -6*k, -k - m = 9. Let s be (-138)/(76/12 + k). Suppose -5*o = -2 - 113. Calculate the greatest common divisor of o and s.
23
Suppose -233*g + 791874 = -63*g + 163*g. What is the greatest common factor of g and 464?
58
Let z(x) = 3075*x + 3124. Let g be z(-1). Let r be 8/6*(-21)/(-2). What is the greatest common divisor of g and r?
7
Suppose 16 = m - 9. Let b(y) be the first derivative of y**3/3 - 31*y**2/2 + 59*y - 94. Let l be b(38). What is the highest common divisor of m and l?
25
Suppose -10*x + 5*x + 375 = 0. Let p(z) = 60*z**2 + 256*z + 1039. Let a be p(-4). Calculate the highest common factor of x and a.
75
Let i(m) = -m**3 + 6*m**2 - 3*m - 9. Let v be i(5). Let p be (-8 - 56)/((-4 + v)/6). What is the greatest common divisor of 112 and p?
16
Let p = -2369 - -2373. Calculate the greatest common divisor of 268 and p.
4
Let p(n) = -138 + 6*n**3 - 52*n**2 - 8*n**3 + 67 - 15*n. Let k be p(-26). What is the greatest common divisor of 116 and k?
29
Suppose -543 = 19*p - 927 - 2086. What is the greatest common factor of p and 5785?
65
Let d(k) = 2*k**2 - 16*k - 396. Let q be d(19). What is the highest common factor of 110 and q?
22
Let k(x) = -x**3 + 17*x**2 + 18*x - 270. Let m be k(8). What is the highest common factor of 18 and m?
18
Suppose t + 4*v = 28, -81*v + 82*v = 6. What is the greatest common factor of t and 53?
1
Let l = 447 + -426. Let u be 4509/63 - (-9)/l. Suppose 0*r - 40 = -5*r. Calculate the highest common factor of r and u.
8
Let y be 107102/17 + 9/(5508/(-72)). What is the greatest common factor of 588 and y?
84
Suppose 1092 - 202 = 89*m. What is the highest common factor of 680 and m?
10
Suppose -20 = -10*r + 6*r. Let d = r - 3. Suppose 3*h = -2*t + 21, d*t + h = 3*t - 18. Calculate the greatest common divisor of 120 and t.
15
Let w(h) = 56*h - 146. Let b be w(-3). Let m = b - -461. What is the greatest common factor of m and 9?
3
Let f be -6 + 343 - (18/1)/(-3). Suppose -36*d + 593 = -f. Calculate the highest common factor of d and 143.
13
Let v be (-27)/((-9)/(13 - -149)). What is the highest common divisor of v and 6?
6
Let a(p) = 2*p**2 + 22*p - 17. Let v be a(-12). Suppose v*d = 4*d + 108. Suppose 0 = 4*t - 48 - d. Calculate the greatest common factor of 14 and t.
7
Let o(z) = 3*z**2 + 151*z - 960. Let l be o(-57). What is the highest common factor of l and 3816?
36
Let v be (-6)/(-15)*-1 + ((-13824)/(-15))/9. Calculate the greatest common divisor of v and 221.
17
Suppose 0 = v + 3*d - 2*d, 4*v + 3*d = 2. Let q be v/(-12) - 1191/(-18). Let x = 72 - q. Calculate the greatest common divisor of x and 15.
3
Suppose -5*i + 85025 = 5*k, 3*i - 4*i - 5*k = -16985. Calculate the greatest common divisor of 20 and i.
10
Suppose -3*k - 2*t + 7*t + 378 = 0, 5*t = 5*k - 620. Let u be (11/(-8))/(47/(-376)). What is the highest common factor of k and u?
11
Let d(f) = 2*f**2 - 93*f + 1861. Let y be d(62). What is the highest common factor of 78 and y?
39
Suppose -s - 6 = -15. Let p(a) be the first derivative of -4*a**2 - 17*a - 3. Let o be p(-10). What is the greatest common divisor of o and s?
9
Suppose -26*d + 46*d + 1008 = 27*d. What is the highest common factor of d and 1233?
9
Suppose -w + 3*w - r - 226 = 0, -4*r = 8. Let h(i) = 15*i**2 - 82*i. Let n be h(6). What is the highest common divisor of w and n?
16
Let j be 10824 + -37 - (4/(-5) - 48/15). What is the highest common factor of j and 99?
99
Let j be (-154)/(-21)*(9/18 + 4). Calculate the greatest common factor of 704 and j.
11
Let y(z) = -z**3 + 8*z**2 - 9*z - 6. Let k be (84/49)/(4/14). Let c be y(k). Suppose -8*a + 9*a = c. Calculate the greatest common factor of a and 48.
12
Let o be 16*3/48 - 109*-1. Calculate the greatest common divisor of 1496 and o.
22
Suppose -4*j = -2*j - 6. Suppose 4*b = j + 69. Let k be (-6)/b + 326/6. Calculate the greatest common factor of 18 and k.
18
Let b(u) = -u**3 - 20*u**2 - 33*u + 20. Let r be b(-17). Let m = r + 366. Suppose -3*d + 4*d = 16. What is the highest common divisor of d and m?
16
Let c = 186 + -101. Suppose 4*j + 5*u - 146 = 0, j - 8 = 5*u + 16. What is the highest common factor of c and j?
17
Suppose -165 + 949 = -7*l. Let s = l + 177. What is the greatest common factor of 65 and s?
65
Suppose -11*i = -76 + 98. Let m be (2 - (-48)/(-42))/(i/(-14)). Calculate the highest common divisor of m and 75.
3
Suppose -5*u - 4*i + 22 = -138, 2*i = -5*u + 170. Let a be 4/(-18) + 80/u. Suppose a*p - 4 = p. Calculate the greatest common factor of p and 16.
4
Let w(c) = 2*c**3 - 39*c**2 + 64*c - 78. Let g be w(19). Calculate the greatest common divisor of 147 and g.
21
Suppose -241 = -25*n + 884. Let d be (-8)/(3 - 5) + n. Calculate the highest common divisor of d and 245.
49
Let o(k) = -2*k + 27. Let t be o(-14). Suppose -5*y + 244 = -4*g, -2*y + t + 39 = 2*g. Calculate the highest common divisor of y and 108.
12
Let a = -415 - -391. Let x be (a/6 - 0)*-2. Calculate the highest common factor of x and 64.
8
Let k(i) = -i**3 + 9*i**2 - 20*i + 48. Let c be k(6). Calculate the greatest common factor of 2925 and c.
9
Suppose 2*z = c + 387, -z - 3*z - 2*c + 786 = 0. Let p be 4/8 + z/6. Suppose 75 - 64 = t. What is the highest common factor of p and t?
11
Suppose 34*n - 9377 - 823 = 0. Calculate the highest common factor of 72 and n.
12
Let r = 33345 - 33325. Suppose -2*n - 424 = 4*l, -3*l - 3*n - 328 = n. Let z = l + 154. Calculate the greatest common divisor of z and r.
10
Let q(f) = 65*f - 31. Let g be q(2). Suppose 0 = -5*j + 2*j + g. Let z(b) = -b**2 - 11*b - 6. Let n be z(-7). Calculate the highest common divisor of n and j.
11
Let l(t) = 73*t**2 - t - 4. Let i be l(-4). Suppose 143*u = 77*u + 79*u - 949. Calculate the greatest common factor of i and u.
73
Let h(c) = 4*c**3 + c**2 - 2*c + 2. Let y be h(1). Suppose y = -15*t + 16*t. Suppose 39 - 114 = -t*l. Calculate the highest common divisor of 165 and l.
15
Let f be (6/(-9))/((-6)/126). Let w be 15/3 + 4*11. Calculate the greatest common factor of w and f.
7
Let g(f) = -f - 9. Let a be g(-11). Let h be 3 - (-1 - a)*(-2 + 29). Suppose 2*x - 8*x = -h. Calculate the highest common divisor of x and 154.
14
Let o = 31 + -21. Suppose -173 = -o*d + 27. Let n(c) = c**3 - 10*c**2 + 6*c - 10. Let f be n(10). What is the greatest common divisor of d and f?
10
Let p = -524 - -531. Let g = 14 - 8. Let v be (21/g)/((-1)/(-2)). What is the greatest common factor of v and p?
7
Let i = -3348 + 4269. What is the highest common divisor of 6 and i?
3
Suppose 26*r = 25*r + 1 + 15. Calculate the highest common factor of 1864 and r.
8
Let f be -1*((-2)/10 + (-144)/30). What is the highest common divisor of f and 565?
5
Let b be (36990/12)/15*2 + -6. Calculate the greatest common factor of 3807 and b.
81
Let r = -17195 + 17215. Calculate the greatest common factor of 565 and r.
5
Suppose -5*y = 3*s - 51, -18 = 12*y - 14*y - 2*s. What is the greatest common factor of 192 and y?
12
Let h(m) = 3*m**2 + 13*m - 19. Suppose -17 = -11*w - 94. Let l be h(w). What is the greatest common factor of 1739 and l?
37
Suppose -2*y + 127 - 12 = -137. Let k = 10 + 18. Calculate the highest common divisor of y and k.
14
Let u(m) = 2*m**2 + 5*m + 20. Let f be (-134)/26 + (3 - 111/39). Let q be u(f). Calculate the greatest common divisor of q and 18.
9
Let c be 4 - 2 - (-86 - 2). Suppose 3*h + 30 = 2*l, -h + 1 = -2*l + 15. Let j be 40 - ((3 - 1) + (h - -10)). Calculate the greatest common factor of c and j.
18
Let n be (2/(1 - -1))/(4/20). Suppose -2*j + 1755 = -2*g + n*g, -2347 = -4*g - 5*j. What is the highest common divisor of g and 53?
53
Let